{"id":50106,"date":"2024-08-27T14:24:43","date_gmt":"2024-08-27T12:24:43","guid":{"rendered":"https:\/\/beldurbarik.eus\/01-hasiera\/lehiaketa\/aurreko-urteak\/lan-irabazleak-2021\/"},"modified":"2025-08-28T13:47:31","modified_gmt":"2025-08-28T11:47:31","slug":"lan-irabazleak-2021","status":"publish","type":"page","link":"https:\/\/beldurbarik.eus\/eu\/lehiaketa\/aurreko-urteak\/lan-irabazleak-2021\/","title":{"rendered":"Lan irabazleak 2021"},"content":{"rendered":"<section class=\"l-section wpb_row height_medium\"><div class=\"l-section-h i-cf\"><div class=\"g-cols vc_row via_grid cols_1 laptops-cols_inherit tablets-cols_inherit mobiles-cols_1 valign_top type_default stacking_default\"><div class=\"wpb_column vc_column_container\"><div class=\"vc_column-inner\"><div class=\"wpb_text_column\"><div class=\"wpb_wrapper\"><h1>1. Kategoria (12-13 urte)<\/h1>\n<p><video src=\"https:\/\/beldurbarik.eus\/wp-content\/uploads\/video\/Handitan.mp4#t=5\" controls=\"controls\" width=\"300\" height=\"150\"><\/video><\/p>\n<h2>&#8220;Handitan&#8221;<\/h2>\n<p><strong>EGILEAK:<\/strong> Kurutziaga Ikastolako Talde Feministako kideak<\/p>\n<p><video src=\"https:\/\/beldurbarik.eus\/wp-content\/uploads\/video\/se-tu.mp4#t=2\" controls=\"controls\" width=\"300\" height=\"150\"><\/video><\/p>\n<h2>&#8220;S\u00e9 t\u00fa&#8221;<\/h2>\n<p><strong>EGILEAK:<\/strong> Souadou Balde, Coral Garc\u00eda, Khair Fertas, Mar\u00eda G. Enea, Emmanuel Korang, Andy Aboagye, Gift Enobakhare<\/p>\n<h2>2. Kategoria (14-18 urte)<\/h2>\n<p><video src=\"https:\/\/beldurbarik.eus\/wp-content\/uploads\/video\/Libres-y-valiente-Libreak-eta-ausartak.mp4#t=5\" controls=\"controls\" width=\"300\" height=\"150\"><\/video><\/p>\n<h2>&#8220;Libres y Valientes&#8221;<\/h2>\n<p><strong>EGILEAK:<\/strong> Ainhoa Garc\u00eda, Kunda Cisse, Obehi Desire Otasowie, Trinity Pembele, Amadou Koung, Antonio Baltasar Ndong, Junior Acha, Esther Da Silva, Eugenia Cessay, Vanessa Prieto<\/p>\n<p><video src=\"https:\/\/beldurbarik.eus\/wp-content\/uploads\/video\/Harea.mp4#t=2\" controls=\"controls\" width=\"300\" height=\"150\"><\/video><\/p>\n<h2>&#8220;Harea&#8221;<\/h2>\n<p><strong>EGILEAK:<\/strong> Maialen Ayerbe, Enara Lizeaga, Jone Ponce, Yul Rodriguez, Luzia Tolosa, Nerea Uranga, Bora Gorostidi, Joseba Cenarruzabeitia, Unai Corcuera, Xabier Loyarte, Julen Etxeberria<\/p>\n<p><video src=\"https:\/\/beldurbarik.eus\/wp-content\/uploads\/video\/Dama-bat-izan-zaitez.mp4#t=1\" controls=\"controls\" width=\"300\" height=\"150\"><\/video><\/p>\n<h2>&#8220;Dama bat izan zaitez&#8221;<\/h2>\n<p><strong>EGILEAK:<\/strong> Elhiya Mohamed, Alaitz Salgado<\/p>\n<h2>3. Kategoria (19-20 urte)<\/h2>\n<p><video src=\"https:\/\/beldurbarik.eus\/wp-content\/uploads\/video\/Micromach-cleanI.mp4#t=1\" controls=\"controls\" width=\"300\" height=\"150\"><\/video><\/p>\n<h2>&#8220;Micromach Clean&#8221;<\/h2>\n<p><strong>EGILEAK:<\/strong> Carla Campoamor, Sheila Carballo, Jon Andoni Sainz, Borja S\u00e1nchez, Miguel Sampedro<\/p>\n<p><video src=\"https:\/\/beldurbarik.eus\/wp-content\/uploads\/video\/Tenemos-derecho-a-vivir-una-vida-libre-de-violencias.mp4#t=1\" controls=\"controls\" width=\"300\" height=\"150\"><\/video><\/p>\n<h2>&#8220;Tenemos derecho a vivir una vida libre de violencias&#8221;<\/h2>\n<p><strong>EGILEAK:<\/strong> Nadia Martin Garc\u00eda<\/p>\n<h2>Ikus-entzunezko lan onenaren saria<\/h2>\n<p><video src=\"https:\/\/beldurbarik.eus\/wp-content\/uploads\/video\/Poker-de-reinas.mp4#t=1\" controls=\"controls\" width=\"300\" height=\"150\"><\/video><\/p>\n<h2>&#8220;Poker de Reinas&#8221;<\/h2>\n<p><strong>EGILEAK:<\/strong> Araitz, Garazi, Maitane, Oier<\/p>\n<h2>Publikoaren saria<\/h2>\n<p><video src=\"https:\/\/beldurbarik.eus\/wp-content\/uploads\/video\/Nazkatuta-nago.mp4#t=1\" controls=\"controls\" width=\"300\" height=\"150\"><\/video><\/p>\n<h2>&#8220;Nazkatuta nago&#8221;<\/h2>\n<p><strong>EGILEAK:<\/strong> Aitana Rabanal, Andrea Gonz\u00e1lez, Eneritz Rodr\u00edguez, Irune S\u00e1nchez, Katalin Lasuen, Izaro Inunciaga, Laura Fern\u00e1ndez, Nagore Ferreira, Uxue Basanta, Leire Joy Bayangat, Yaiza Elorriaga, Victor Ca\u00f1adillas, Ander Asla<\/p>\n<p>&nbsp;<\/p>\n<\/div><\/div><\/div><\/div><\/div><\/div><\/section><!-- \/wp:post-content -->","protected":false},"excerpt":{"rendered":"1. Kategoria (12-13 urte) &#8220;Handitan&#8221; EGILEAK: Kurutziaga Ikastolako Talde Feministako kideak &#8220;S\u00e9 t\u00fa&#8221; EGILEAK: Souadou Balde, Coral Garc\u00eda, Khair Fertas, Mar\u00eda G. Enea, Emmanuel Korang, Andy Aboagye, Gift Enobakhare 2. Kategoria (14-18 urte) &#8220;Libres y Valientes&#8221; EGILEAK: Ainhoa Garc\u00eda, Kunda Cisse, Obehi Desire Otasowie, Trinity Pembele, Amadou Koung, Antonio Baltasar Ndong, Junior Acha, Esther Da...","protected":false},"author":2124,"featured_media":0,"parent":50092,"menu_order":45,"comment_status":"closed","ping_status":"closed","template":"","meta":{"_acf_changed":false,"footnotes":""},"class_list":["post-50106","page","type-page","status-publish","hentry"],"acf":[],"yoast_head":"<!-- This site is optimized with the Yoast SEO plugin v27.4 - https:\/\/yoast.com\/product\/yoast-seo-wordpress\/ -->\n<title>Lan irabazleak 2021 - Beldur Barik<\/title>\n<meta name=\"robots\" content=\"index, follow, max-snippet:-1, max-image-preview:large, max-video-preview:-1\" \/>\n<link rel=\"canonical\" href=\"https:\/\/beldurbarik.eus\/eu\/lehiaketa\/aurreko-urteak\/lan-irabazleak-2021\/\" \/>\n<meta property=\"og:locale\" content=\"en_US\" \/>\n<meta property=\"og:type\" content=\"article\" \/>\n<meta property=\"og:title\" content=\"Lan irabazleak 2021 - Beldur Barik\" \/>\n<meta property=\"og:url\" content=\"https:\/\/beldurbarik.eus\/eu\/lehiaketa\/aurreko-urteak\/lan-irabazleak-2021\/\" \/>\n<meta property=\"og:site_name\" content=\"Beldur Barik\" \/>\n<meta property=\"article:modified_time\" content=\"2025-08-28T11:47:31+00:00\" \/>\n<meta name=\"twitter:card\" content=\"summary_large_image\" \/>\n<meta name=\"twitter:label1\" content=\"Est. reading time\" \/>\n\t<meta name=\"twitter:data1\" content=\"1 minutua\" \/>\n<script type=\"application\/ld+json\" class=\"yoast-schema-graph\">{\"@context\":\"https:\\\/\\\/schema.org\",\"@graph\":[{\"@type\":\"WebPage\",\"@id\":\"https:\\\/\\\/beldurbarik.eus\\\/eu\\\/lehiaketa\\\/aurreko-urteak\\\/lan-irabazleak-2021\\\/\",\"url\":\"https:\\\/\\\/beldurbarik.eus\\\/eu\\\/lehiaketa\\\/aurreko-urteak\\\/lan-irabazleak-2021\\\/\",\"name\":\"Lan irabazleak 2021 - Beldur Barik\",\"isPartOf\":{\"@id\":\"https:\\\/\\\/beldurbarik.eus\\\/#website\"},\"datePublished\":\"2024-08-27T12:24:43+00:00\",\"dateModified\":\"2025-08-28T11:47:31+00:00\",\"breadcrumb\":{\"@id\":\"https:\\\/\\\/beldurbarik.eus\\\/eu\\\/lehiaketa\\\/aurreko-urteak\\\/lan-irabazleak-2021\\\/#breadcrumb\"},\"inLanguage\":\"eu\",\"potentialAction\":[{\"@type\":\"ReadAction\",\"target\":[\"https:\\\/\\\/beldurbarik.eus\\\/eu\\\/lehiaketa\\\/aurreko-urteak\\\/lan-irabazleak-2021\\\/\"]}]},{\"@type\":\"BreadcrumbList\",\"@id\":\"https:\\\/\\\/beldurbarik.eus\\\/eu\\\/lehiaketa\\\/aurreko-urteak\\\/lan-irabazleak-2021\\\/#breadcrumb\",\"itemListElement\":[{\"@type\":\"ListItem\",\"position\":1,\"name\":\"Home\",\"item\":\"https:\\\/\\\/beldurbarik.eus\\\/eu\\\/\"},{\"@type\":\"ListItem\",\"position\":2,\"name\":\"Lehiaketa\",\"item\":\"https:\\\/\\\/beldurbarik.eus\\\/eu\\\/01-hasiera__trashed\\\/lehiaketa\\\/\"},{\"@type\":\"ListItem\",\"position\":3,\"name\":\"Aurreko urteak\",\"item\":\"https:\\\/\\\/beldurbarik.eus\\\/eu\\\/01-hasiera__trashed\\\/lehiaketa\\\/aurreko-urteak\\\/\"},{\"@type\":\"ListItem\",\"position\":4,\"name\":\"Lan irabazleak 2021\"}]},{\"@type\":\"WebSite\",\"@id\":\"https:\\\/\\\/beldurbarik.eus\\\/#website\",\"url\":\"https:\\\/\\\/beldurbarik.eus\\\/\",\"name\":\"Beldur Barik\",\"description\":\"Pentsatu, eztabaidatu eta ekin Beldur Barik jarrerarekin!\",\"potentialAction\":[{\"@type\":\"SearchAction\",\"target\":{\"@type\":\"EntryPoint\",\"urlTemplate\":\"https:\\\/\\\/beldurbarik.eus\\\/?s={search_term_string}\"},\"query-input\":{\"@type\":\"PropertyValueSpecification\",\"valueRequired\":true,\"valueName\":\"search_term_string\"}}],\"inLanguage\":\"eu\"}]}<\/script>\n<!-- \/ Yoast SEO plugin. -->","yoast_head_json":{"title":"Lan irabazleak 2021 - Beldur Barik","robots":{"index":"index","follow":"follow","max-snippet":"max-snippet:-1","max-image-preview":"max-image-preview:large","max-video-preview":"max-video-preview:-1"},"canonical":"https:\/\/beldurbarik.eus\/eu\/lehiaketa\/aurreko-urteak\/lan-irabazleak-2021\/","og_locale":"en_US","og_type":"article","og_title":"Lan irabazleak 2021 - Beldur Barik","og_url":"https:\/\/beldurbarik.eus\/eu\/lehiaketa\/aurreko-urteak\/lan-irabazleak-2021\/","og_site_name":"Beldur Barik","article_modified_time":"2025-08-28T11:47:31+00:00","twitter_card":"summary_large_image","twitter_misc":{"Est. reading time":"1 minutua"},"schema":{"@context":"https:\/\/schema.org","@graph":[{"@type":"WebPage","@id":"https:\/\/beldurbarik.eus\/eu\/lehiaketa\/aurreko-urteak\/lan-irabazleak-2021\/","url":"https:\/\/beldurbarik.eus\/eu\/lehiaketa\/aurreko-urteak\/lan-irabazleak-2021\/","name":"Lan irabazleak 2021 - Beldur Barik","isPartOf":{"@id":"https:\/\/beldurbarik.eus\/#website"},"datePublished":"2024-08-27T12:24:43+00:00","dateModified":"2025-08-28T11:47:31+00:00","breadcrumb":{"@id":"https:\/\/beldurbarik.eus\/eu\/lehiaketa\/aurreko-urteak\/lan-irabazleak-2021\/#breadcrumb"},"inLanguage":"eu","potentialAction":[{"@type":"ReadAction","target":["https:\/\/beldurbarik.eus\/eu\/lehiaketa\/aurreko-urteak\/lan-irabazleak-2021\/"]}]},{"@type":"BreadcrumbList","@id":"https:\/\/beldurbarik.eus\/eu\/lehiaketa\/aurreko-urteak\/lan-irabazleak-2021\/#breadcrumb","itemListElement":[{"@type":"ListItem","position":1,"name":"Home","item":"https:\/\/beldurbarik.eus\/eu\/"},{"@type":"ListItem","position":2,"name":"Lehiaketa","item":"https:\/\/beldurbarik.eus\/eu\/01-hasiera__trashed\/lehiaketa\/"},{"@type":"ListItem","position":3,"name":"Aurreko urteak","item":"https:\/\/beldurbarik.eus\/eu\/01-hasiera__trashed\/lehiaketa\/aurreko-urteak\/"},{"@type":"ListItem","position":4,"name":"Lan irabazleak 2021"}]},{"@type":"WebSite","@id":"https:\/\/beldurbarik.eus\/#website","url":"https:\/\/beldurbarik.eus\/","name":"Beldur Barik","description":"Pentsatu, eztabaidatu eta ekin Beldur Barik jarrerarekin!","potentialAction":[{"@type":"SearchAction","target":{"@type":"EntryPoint","urlTemplate":"https:\/\/beldurbarik.eus\/?s={search_term_string}"},"query-input":{"@type":"PropertyValueSpecification","valueRequired":true,"valueName":"search_term_string"}}],"inLanguage":"eu"}]}},"_links":{"self":[{"href":"https:\/\/beldurbarik.eus\/eu\/wp-json\/wp\/v2\/pages\/50106","targetHints":{"allow":["GET"]}}],"collection":[{"href":"https:\/\/beldurbarik.eus\/eu\/wp-json\/wp\/v2\/pages"}],"about":[{"href":"https:\/\/beldurbarik.eus\/eu\/wp-json\/wp\/v2\/types\/page"}],"author":[{"embeddable":true,"href":"https:\/\/beldurbarik.eus\/eu\/wp-json\/wp\/v2\/users\/2124"}],"replies":[{"embeddable":true,"href":"https:\/\/beldurbarik.eus\/eu\/wp-json\/wp\/v2\/comments?post=50106"}],"version-history":[{"count":3,"href":"https:\/\/beldurbarik.eus\/eu\/wp-json\/wp\/v2\/pages\/50106\/revisions"}],"predecessor-version":[{"id":52114,"href":"https:\/\/beldurbarik.eus\/eu\/wp-json\/wp\/v2\/pages\/50106\/revisions\/52114"}],"up":[{"embeddable":true,"href":"https:\/\/beldurbarik.eus\/eu\/wp-json\/wp\/v2\/pages\/50092"}],"wp:attachment":[{"href":"https:\/\/beldurbarik.eus\/eu\/wp-json\/wp\/v2\/media?parent=50106"}],"curies":[{"name":"wp","href":"https:\/\/api.w.org\/{rel}","templated":true}]}}

<section class="l-section wpb_row height_medium"><div class="l-section-h i-cf"><div class="g-cols vc_row via_grid cols_1 laptops-cols_inherit tablets-cols_inherit mobiles-cols_1 valign_top type_default stacking_default"><div class="wpb_column vc_column_container"><div class="vc_column-inner"><div class="wpb_text_column"><div class="wpb_wrapper"><h1>1. Kategoria (12-13 urte)</h1>
<p><video src="https://beldurbarik.eus/wp-content/uploads/video/Handitan.mp4#t=5" controls="controls" width="300" height="150"></video></p>
<h2>&#8220;Handitan&#8221;</h2>
<p><strong>EGILEAK:</strong> Kurutziaga Ikastolako Talde Feministako kideak</p>
<p><video src="https://beldurbarik.eus/wp-content/uploads/video/se-tu.mp4#t=2" controls="controls" width="300" height="150"></video></p>
<h2>&#8220;Sé tú&#8221;</h2>
<p><strong>EGILEAK:</strong> Souadou Balde, Coral García, Khair Fertas, María G. Enea, Emmanuel Korang, Andy Aboagye, Gift Enobakhare</p>
<h2>2. Kategoria (14-18 urte)</h2>
<p><video src="https://beldurbarik.eus/wp-content/uploads/video/Libres-y-valiente-Libreak-eta-ausartak.mp4#t=5" controls="controls" width="300" height="150"></video></p>
<h2>&#8220;Libres y Valientes&#8221;</h2>
<p><strong>EGILEAK:</strong> Ainhoa García, Kunda Cisse, Obehi Desire Otasowie, Trinity Pembele, Amadou Koung, Antonio Baltasar Ndong, Junior Acha, Esther Da Silva, Eugenia Cessay, Vanessa Prieto</p>
<p><video src="https://beldurbarik.eus/wp-content/uploads/video/Harea.mp4#t=2" controls="controls" width="300" height="150"></video></p>
<h2>&#8220;Harea&#8221;</h2>
<p><strong>EGILEAK:</strong> Maialen Ayerbe, Enara Lizeaga, Jone Ponce, Yul Rodriguez, Luzia Tolosa, Nerea Uranga, Bora Gorostidi, Joseba Cenarruzabeitia, Unai Corcuera, Xabier Loyarte, Julen Etxeberria</p>
<p><video src="https://beldurbarik.eus/wp-content/uploads/video/Dama-bat-izan-zaitez.mp4#t=1" controls="controls" width="300" height="150"></video></p>
<h2>&#8220;Dama bat izan zaitez&#8221;</h2>
<p><strong>EGILEAK:</strong> Elhiya Mohamed, Alaitz Salgado</p>
<h2>3. Kategoria (19-20 urte)</h2>
<p><video src="https://beldurbarik.eus/wp-content/uploads/video/Micromach-cleanI.mp4#t=1" controls="controls" width="300" height="150"></video></p>
<h2>&#8220;Micromach Clean&#8221;</h2>
<p><strong>EGILEAK:</strong> Carla Campoamor, Sheila Carballo, Jon Andoni Sainz, Borja Sánchez, Miguel Sampedro</p>
<p><video src="https://beldurbarik.eus/wp-content/uploads/video/Tenemos-derecho-a-vivir-una-vida-libre-de-violencias.mp4#t=1" controls="controls" width="300" height="150"></video></p>
<h2>&#8220;Tenemos derecho a vivir una vida libre de violencias&#8221;</h2>
<p><strong>EGILEAK:</strong> Nadia Martin García</p>
<h2>Ikus-entzunezko lan onenaren saria</h2>
<p><video src="https://beldurbarik.eus/wp-content/uploads/video/Poker-de-reinas.mp4#t=1" controls="controls" width="300" height="150"></video></p>
<h2>&#8220;Poker de Reinas&#8221;</h2>
<p><strong>EGILEAK:</strong> Araitz, Garazi, Maitane, Oier</p>
<h2>Publikoaren saria</h2>
<p><video src="https://beldurbarik.eus/wp-content/uploads/video/Nazkatuta-nago.mp4#t=1" controls="controls" width="300" height="150"></video></p>
<h2>&#8220;Nazkatuta nago&#8221;</h2>
<p><strong>EGILEAK:</strong> Aitana Rabanal, Andrea González, Eneritz Rodríguez, Irune Sánchez, Katalin Lasuen, Izaro Inunciaga, Laura Fernández, Nagore Ferreira, Uxue Basanta, Leire Joy Bayangat, Yaiza Elorriaga, Victor Cañadillas, Ander Asla</p>
<p>&nbsp;</p>
</div></div></div></div></div></div></section><!-- /wp:post-content -->

1. Kategoria (12-13 urte) &#8220;Handitan&#8221; EGILEAK: Kurutziaga Ikastolako Talde Feministako kideak &#8220;Sé tú&#8221; EGILEAK: Souadou Balde, Coral García, Khair Fertas, María G. Enea, Emmanuel Korang, Andy Aboagye, Gift Enobakhare 2. Kategoria (14-18 urte) &#8220;Libres y Valientes&#8221; EGILEAK: Ainhoa García, Kunda Cisse, Obehi Desire Otasowie, Trinity Pembele, Amadou Koung, Antonio Baltasar Ndong, Junior Acha, Esther Da...
